)?
1
Let i = 63 + -125/2. Let c(j) be the first derivative of -4 - i*j**2 + 2*j. Calculate c(5).
-3
Suppose 0 = -5*d, -4*q - 6 = 5*d + 6. Let m(w) = w - 3. Determine m(q).
-6
Suppose -h - 16 = 3*h. Let r(v) = -15*v - 43 + v**2 + 19*v - 43 + 81. What is r(h)?
-5
Let n(r) = r**2 - 2*r. Let a be n(2). Suppose -s + 3*l + 5 = a, -3*l + 0 = 3*s - 3. Let b(g) = 0 + 1 + 2 - 7*g - g**s. Calculate b(-5).
13
Let g(w) = -w**2 - 9*w + 6. Suppose -5*t - 26 = -2*i, -t + 6*t = -3*i - 11. Suppose 0 = -5*v - k - 36, 2*k + i - 1 = 0. What is g(v)?
20
Let f(w) = 2*w + 7. Suppose -2*c - x - 6 = 4, 4*c + 4*x + 16 = 0. Let m(d) = -6*d - 20. Let p(h) = c*m(h) - 17*f(h). Determine p(7).
15
Suppose -2*o - 3*l - 2 + 3 = 0, -5*o = 3*l - 7. Let w(s) = -s + o + 3 - 7. Give w(-2).
0
Let o = 151 - 151. Let s(m) = 2*m. What is s(o)?
0
Let c = -164 - -167. Let w = 1 - -1. Suppose n = 4*l - 12, w*l + c*n - 24 = -l. Let r(b) = b**3 - 5*b**2 + 5*b - 5. What is r(l)?
-1
Let b(h) = h**2 - 2*h. Let t(m) = 5*m**2 - 11*m. Let w(r) = -22*b(r) + 4*t(r). Let c(g) = -g - 7. Let q be c(-6). Calculate w(q).
-2
Let s(c) = c - 1. Let t(n) = -9*n**2 + 3*n - 6. Let o(g) = -6*s(g) + t(g). Give o(-2).
-30
Let m(h) = 16*h**3 - h**2. Let p(r) = -3*r + 53. Let i be p(18). Determine m(i).
-17
Let v(f) = f**2 + 4. Let r = 58 + -58. Determine v(r).
4
Let b(t) = -3*t**3 - 3*t - 3. Let y(g) = 7*g**3 - g**2 + 6*g + 5. Let n(w) = -9*b(w) - 4*y(w). Calculate n(5).
-3
Let s(u) be the first derivative of u**2/2 - 5*u + 29. Calculate s(7).
2
Let o(k) = -10*k - 18*k + 35 + 37*k - 13*k - 24 - 9. Suppose -y + 3*y + 2 = 0. Let x = y + 3. Determine o(x).
-6
Let p(l) = -3*l**2 + 32*l - 38. Let y be p(9). Let r(c) = -c**3 + 8*c**2 - 2*c - 1. Determine r(y).
34
Let f(t) be the third derivative of -t**6/120 + 2*t**5/15 - t**4/24 + t**3/3 - 2*t**2 + 634*t. Determine f(8).
-6
Let y(j) be the second derivative of 0 + 2/45*j**6 + 0*j**2 + 1/24*j**4 - 1/3*j**3 + 1/60*j**5 - 5*j. Let t(g) be the second derivative of y(g). Give t(-1).
15
Let m(o) be the second derivative of o**7/2520 - o**5/24 + o**4/6 - 7*o. Let i(t) be the third derivative of m(t). Determine i(0).
-5
Let v(u) be the third derivative of u**4/24 - u**3/2 + 149*u**2. Calculate v(4).
1
Let o(p) = p - 5. Suppose 16 = -2*y + 8. Let w be 22/6 + 2*y/(-24). Determine o(w).
-1
Let j(k) = 2*k**3 + 5*k**2 - 9*k - 6. Let o(p) = 3*p**3 + 7*p**2 - 13*p - 9. Let x(i) = 7*j(i) - 5*o(i). Let f be (-11)/(33/18) - (-68)/17. What is x(f)?
7
Let j(d) = -11*d - 18026*d**2 + 18025*d**2 + d + 2 - 9. Let g = 0 + -6. What is j(g)?
17
Let x(a) be the second derivative of 7/6*a**3 + 0 - 12*a - 5/2*a**2 - 5/12*a**4 + 1/20*a**5. What is x(4)?
7
Suppose -13*s + 45 = -4*s. Let x(o) be the first derivative of o**5/120 + o**4/8 + o**3 - 1. Let m(v) be the third derivative of x(v). Determine m(s).
8
Let w = -94 - -98. Let b(z) = -2 - w + 4 + z. What is b(-4)?
-6
Let i(l) = 85 + 3*l - 2*l - 81 + 4*l - 4*l. Give i(-1).
3
Suppose 2*l - 5*x = -11, 39*l - 5*x = 34*l - 5. Let t(s) = -3*s + 6*s**2 + 3 + 7*s**2 - 6*s**2. Give t(l).
25
Let h(l) be the first derivative of l**2/2 - 3*l - 50. Calculate h(5).
2
Let w(p) = -3 + 9*p - 9 - 8*p + 3. Let c be w(4). Let h(d) = -d**2 - 26*d - 25*d - 1 + 47*d. What is h(c)?
-6
Let l(p) = -p**2 - p + 6. Let d(v) = -v**3 - 25*v**2 + 3. Let t be d(-25). Give l(t).
-6
Let s be 28/266 - 1160/190. Let n(d) = 2*d**2 + 13*d + 14. Determine n(s).
8
Let w(c) = c**3 - 6*c**2 - 5*c - 5. Let v be (-75)/(-12) + (-4)/16. Suppose v*t = 7 + 35. What is w(t)?
9
Let x(b) = -4 - 250*b + 78*b + b**2 + 84*b + 79*b. Calculate x(6).
-22
Let l(n) be the third derivative of -n**5/5 - 125*n**2. Determine l(1).
-12
Suppose -y + 16 = k - 6*y, 5*y + 14 = -k. Let m(i) = -i. Let x be m(k). Let t(z) = 17*z - 1 + 6*z**2 + 11*z - 29*z. What is t(x)?
6
Let m(u) = -15*u - 1768 + 1768. Calculate m(2).
-30
Suppose -4*t = -2*q, 3*q - 3*t - 1 = -4. Let k(n) = 15 - 17 - n**2 + 4*n**2 - 2*n. Give k(q).
14
Suppose v = -0*v + 1. Let o = v - -1. Suppose 2*u + o*u = 4. Let g(l) = 5*l**3 + l. Give g(u).
6
Let p(c) = c**3 - 30*c**2 + 29*c - 5. Let x be p(29). Let v(h) = h + 8. Let b(y) = -y + 9. Let z(u) = -2*b(u) + 3*v(u). Determine z(x).
-19
Let c(y) = -3*y - 3. Suppose h = 5*x - 39, 2*x - 16 = -2*x - 3*h. Determine c(x).
-24
Let m(s) be the second derivative of -s**3/6 + 7*s**2/2 + 21*s - 2. Suppose -5*f + 20 = 3*p - 10*f, f = 3*p - 4. Give m(p).
7
Let y(m) = 3*m**2 - 17*m - 26. Let k(r) be the first derivative of r**3/3 - 3*r**2 - 9*r - 1. Let s(q) = 17*k(q) - 6*y(q). Give s(3).
-6
Let o(u) be the third derivative of -u**4/8 - u**3/2 + 3*u**2. Let v = -46 + 43. Give o(v).
6
Let h(y) = 3*y**2 - 2*y - y**3 + 5*y - 2*y - 6*y**2. Let r = 40 + -43. Determine h(r).
-3
Let w(m) = -2*m - 7*m + 2 - 1. What is w(2)?
-17
Let m(d) be the first derivative of -d**4/4 - 10*d**3/3 - 9*d**2/2 - 5*d + 2. Let p be m(-9). Let s(f) = f**2 + 3*f. Give s(p).
10
Let g(q) = -q**3 - 8*q**2 + 3*q + 14. Let j = -531 + 523. What is g(j)?
-10
Suppose -2*h - 7 = -5*z - 0*h, 3*z + 7 = 4*h. Let l(i) be the second derivative of i**4/12 - 2*i**3/3 + i. Give l(z).
-3
Let z(p) = 3*p - 5. Let x(w) = 10*w - 19. Let o(j) = -2*x(j) + 7*z(j). What is o(0)?
3
Suppose 61*u = 48*u. Let a(r) = -2*r**2 - r**3 + 11 + r**2 + 2. Determine a(u).
13
Let b(o) = 6*o - o - 20*o - 51 + 16*o + 58. Suppose 0 = s + 5. Give b(s).
2
Let w be -10*(72/20)/(-3). Let v = -10 + w. Let x(p) = 2*p - 2. Calculate x(v).
2
Let l(s) = -s**3 + 6*s**2 - 5*s + 24. Let y(r) = r**3 - 5*r**2 + 4*r - 20. Let z(v) = -5*l(v) - 6*y(v). Give z(2).
-6
Let k(q) = -47*q**2 - 10*q - 18. Let d(f) = -86*f**2 - 20*f - 36. Let c(r) = -6*d(r) + 11*k(r). Give c(11).
7
Let a = 0 + 1. Suppose -12 = -2*t - 4*u, 0 = t - 5*t - 2*u + 6. Let y(g) = -g - 2*g**2 + t*g + 0*g. Give y(a).
-3
Let s = -31 + 35. Suppose p = -2*c - 3, -s*c + 2*p + 8 = 2. Let z(y) = y**3 - y**2 + 6. Determine z(c).
6
Let u(m) be the second derivative of -m**5/20 + m**4/3 + m**3/2 - 3*m**2 + 3*m - 12. Give u(5).
-16
Let k(j) = 11*j + 6. Let d(g) = 33*g + 17. Let h(o) = 3*d(o) - 8*k(o). What is h(-3)?
-30
Suppose -8*p + 4*p + 8 = 0. Suppose t - 4*t = 2*j + p, 5*j - 33 = 2*t. Let l(m) = -5*m + 2. What is l(j)?
-23
Let p(j) = 21*j - 2. Let l(k) = -17*k + 1. Let s(q) = -5*l(q) - 4*p(q). What is s(-3)?
0
Let o = -16 - -14. Let j(k) = -2*k**3 + 4*k**2 + 6*k - 9. Let q(s) = 3*s**3 - 5*s**2 - 8*s + 12. Let u(a) = -4*j(a) - 3*q(a). What is u(o)?
4
Suppose -3*j = -7*j, 2*p - 18 = -5*j. Let n(r) = -r**2 + 10*r. Calculate n(p).
9
Suppose 0 = -2*q + 7*q + 15. Let w be (-164)/(-20)*2 + (-3)/(-5). Let v(p) = 3 - w*p**3 - 4*p**2 - 15*p**3 + 31*p**3. Determine v(q).
-6
Let y(d) = d**2 - 5*d + 1. Let t be y(4). Let l be t + (-2 + 0)*-1. Let j(h) = -9*h**2 - 1. Give j(l).
-10
Suppose 5*g - 3 = -y + 2, 15 = -3*y. Let j be 52/20 - 4/(-10). Let n(l) = 3*l**g + 4 + 2*l + l**3 + 1 - 2*l**j + 2*l. Calculate n(4).
5
Let x(l) = 2*l**3 - l**2 - l + 2. Suppose -v - 3*p - 8 = 0, 4*p + 2 = 2*v - 2. Calculate x(v).
-16
Let g(a) be the first derivative of -9 + 0*a + 1/3*a**3 + a**2. Calculate g(-3).
3
Let y(s) = 2*s - 7. Suppose -37 = -5*g - 7. Determine y(g).
5
Let i(w) = 6*w + 16. Let n(y) = -2*y - 5. Let b(t) = 2*i(t) + 7*n(t). What is b(-3)?
3
Let z(b) = -b**2 + 3*b + 6. Let o(m) = -m**3 - 28*m**2 + 90*m - 86. Let t be o(-31). What is z(t)?
-22
Let s(a) = a**2 - 5*a + 8. Let t be s(2). Let c(q) = -q + 2. What is c(t)?
0
Let k(z) = 2*z**2 - 11*z + 7. Let h be k(5). Let r(m) = -m**3 + m**2 + 3*m. Let i be r(h). Let u(v) = -2*v**2 + v - 1. Give u(i).
-7
Suppose 4*s + 3*s + 14 = 0. Let l(n) be the third derivative of -n**4/24 + n**3/3 + 3*n**2. Determine l(s).
4
Let l(f) = -19*f**2 - 13*f + 11. Let z be 2/10 - 962/(-65). Let u = z + -21. Let o(p) = 10*p**2 + 7*p - 6. Let i(x) = u*l(x) - 11*o(x). What is i(-1)?
3
Let t(o) = 4*o**3 - 25*o**2 - 4*o + 7. Let i(p) = -3*p**3 + 20*p**2 + 3*p - 6. Let m(n) = 5*i(n) + 4*t(n). Calculate m(2).
4
Let c be (-3450)/720 + (3 - -2). Let o(t) be the third derivative of 1/12*t**5 + 1/120*t**6 + 0*t**3 - c*t**4 + 0 + 0*t - 4*t**2. What is o(-6)?
-6
Let x be -12*16/18 + (-10)/(-15). Let t(g) = -g + 8. Give t(x).
18
Let a(q) be the first derivative of 3*q**2 + 3*q + 3. Let y be a(4). Let w = 31 - y. Let h(g) = -g**3 + 6*g**2 - 6*g